se 0 = -k - 18 + 3. Let z be s(k). What is the tens digit of z*(5/10 + 0)?
1
Let x(u) = 31*u**2 + 14*u + 195. What is the hundreds digit of x(-12)?
4
Let v(b) = b**3 + b**2 - b + 1. Let r(m) = 2*m**3 - 8*m**2 + 4*m + 23. Let f(p) = -r(p) + 3*v(p). What is the units digit of f(-11)?
7
Let f(z) = 3*z + 6. Suppose 2*u = -2*u - 4*p + 52, -10 = -5*p. Let m = u - 7. What is the units digit of f(m)?
8
Let j = 29 - 26. Suppose 0 = -2*y - j*y + u + 272, -5*u - 280 = -5*y. What is the tens digit of y?
5
Suppose 38 + 186 = -8*l. Let f = -17 - l. What is the units digit of f?
1
Let g be (3 - (-2 + 5))/(1 - -1). What is the tens digit of 9 + g - (4 - (5 + 1))?
1
Suppose -8*n - 2753 = 1847. Let q = -337 - n. What is the tens digit of q?
3
Let k be -10 + 51 - (-2 + 1). Suppose k*g + 124 = 43*g. What is the hundreds digit of g?
1
Suppose -2*p - 1 = -5*p - m, -13 = p + 3*m. Let g be ((-8)/16)/(p/4). What is the units digit of g/5 + 860/50?
7
Let s = 20 + 1. Let q = -20 + s. What is the units digit of q?
1
Suppose 0 = 3*w, 0*m - 5*w = -5*m + 15. Suppose 0*l + 9 = m*l. Suppose 2*i - l*i = -b + 24, 0 = -2*b + 5*i + 48. What is the units digit of b?
4
Suppose 0*x = 5*x - 3*g - 52, 28 = 4*x + g. Suppose 5*c - c - x = 0. Suppose 3*j + 6*z = 2*z + 57, 5*j = c*z + 95. What is the tens digit of j?
1
Suppose 2*w + 4 = -s + 2*s, -2*s + 2*w - 2 = 0. What is the units digit of (-1)/((24/2196)/(4/s))?
1
Suppose 0 = 11*g - 4*g - 9555. What is the tens digit of g?
6
Let j(t) = -7*t**2 - 10*t - 17. Let v be j(-8). Let q = v - -539. Suppose 4*b + q = 5*o - 134, 5*b - 15 = 0. What is the units digit of o?
0
Suppose -5*n = -5*d + 2*d + 5276, -4*d + 7063 = -n. What is the units digit of d?
7
Let q(z) = -41*z - 3. Let p be q(1). Let b = -40 - p. What is the tens digit of 1/(b + 1175/(-295))?
5
Let p = -130 - -157. Let x be 2 + -2 + -1*11. Let d = p - x. What is the tens digit of d?
3
Suppose 13 + 11 = 4*z. Suppose z*g - 7*g = -78. Let k = -46 + g. What is the tens digit of k?
3
Let i(r) be the second derivative of r**5/10 - r**4/2 + 7*r**2/2 + 7*r. What is the tens digit of i(4)?
3
Suppose 278*a - 2133 = 269*a. What is the tens digit of a?
3
Let z = 1578 + -194. What is the thousands digit of z?
1
Suppose 4*t - 7*t = -78. Let a = 45 - t. What is the tens digit of a?
1
Suppose 0 = -q + 3*l + 610, 0 = -2*q - 2*l - 0*l + 1204. What is the tens digit of q?
0
Suppose -4*z = -3*z + 3*b - 2035, 0 = 5*b - 15. What is the units digit of z?
6
Suppose -5*q - 4991 + 17261 = -4*l, 2*q - 4908 = -l. What is the hundreds digit of q?
4
Let z = 118 + -106. Suppose i - 5*a + 20 = 2*i, -5*i = -a - 22. Suppose r - 72 + z = -i*f, 51 = 2*f - 5*r. What is the units digit of f?
3
Let c be -2 + (1 - (-3 + 3 + -89)). What is the tens digit of ((-1)/(4/c))/(6/(-9))?
3
Suppose 2*d - 3*u = 17 - 2, -12 = -d + 3*u. Suppose 0 = 5*l - d*l - 88. What is the tens digit of l?
4
Suppose -9*u + 252 = -5*u + g, 0 = -3*u + 5*g + 212. Suppose -4*n + 38 = x - 6*n, 2*x - n - u = 0. What is the units digit of x?
0
Suppose -4*f + 8 = 4*o, f + 2*f + 29 = 4*o. Suppose -5*g + 2*b + 416 = 0, -230 + 640 = o*g - 5*b. What is the tens digit of g?
8
Suppose 15 = 5*f + 3*g, 8 = -4*f + 3*g - 7. Suppose f = -3*t - 12 + 30. What is the units digit of t?
6
Let x be (-7)/(-7)*(0 - 0). Suppose 4*p - 139 = -x*u + 3*u, 0 = 5*p - 3*u - 173. What is the units digit of (p/(-4))/(1/(-2))?
7
Suppose 0 = 2*y - 3*q - 235, 610 = 2*y + 3*y - 3*q. Suppose 5*n - 60 - y = -5*t, -3*n + 12 = 0. What is the units digit of t?
3
Suppose -o = 5*i - 274, 4*o + 4*i + 32 - 1144 = 0. What is the tens digit of o?
7
Let n be 175 + 10 - (3 + (-2 - -2)). Suppose 2*j - n = -28. What is the units digit of j?
7
Let x(c) = c**3 + 3*c**2 - 4*c + 1. Let g be x(-3). Let h(f) = f**3 - 12*f**2 - 6*f + 15. What is the tens digit of h(g)?
0
Let z(k) = -2*k + 10. Let n be z(3). Suppose -1434 = -10*w + n*w. What is the tens digit of w?
3
Let k(l) = 757*l + 78. What is the units digit of k(4)?
6
Let m = -2 - -7. Suppose z - 5 = -p, 4*z + 43 = m*p - 0*p. What is the units digit of p?
7
Let z(h) = -h**2 + 30*h + 59. What is the units digit of z(20)?
9
Let c = -14 - -152. Suppose 3*g - c = -3*b - 0*b, 2*b - 45 = -g. What is the units digit of g?
7
Let d(o) = o**3 + o**2 + o - 1. Let y be d(1). Suppose p = -3*p - 5*c + 82, y*c + 32 = 2*p. What is the tens digit of p?
1
Let q(l) = l**3 - 3*l**2 + l - 1. Let k be q(3). Suppose 0 = v - f - 3, -9 = -k*v - v - 2*f. Suppose -i + 48 = v*i. What is the tens digit of i?
1
Suppose 2*w = 5*t - 340, -2*t - 6*w + 9*w + 147 = 0. What is the tens digit of t?
6
Let q(y) = 276*y**2 - 30*y - 78. What is the thousands digit of q(-3)?
2
Let r = 58 + -40. Suppose 0 = -12*u + 1314 - r. What is the units digit of u?
8
What is the tens digit of ((-1690)/(-5))/2 - (2 + 3)?
6
Let v(b) = b**2 - 7*b + 10. Suppose 0*u - 28 = -2*u. Let y be v(u). Suppose 0*f - y = -4*f. What is the tens digit of f?
2
Let i(y) = 2*y**3 - 3*y**2 - 2*y + 6. Let h be i(3). Suppose 3*j + h = -90. What is the tens digit of (-9 + 0)/(13/j)?
2
Let q(n) = 6*n - 1 + 4*n - 6*n. Let w = 8 + -2. What is the tens digit of q(w)?
2
Let i = 12 - 8. Let g(h) = -6 - 2*h**2 + h**2 + 2 - 2*h + i*h**2. What is the tens digit of g(4)?
3
Let x(i) = 2*i**3 - i**2 + i + 1. Let l(o) = -o**3 + o**2 + o. Let f(q) = 3*l(q) - x(q). What is the hundreds digit of f(-3)?
1
Let z(g) = -g**3 + 8*g**2 - 6*g + 1. Let d be z(7). What is the tens digit of (2/(d/78))/((-6)/(-8))?
2
Let z = -20 + 25. What is the units digit of (-66)/(-15) - 2/z?
4
Let r be -2*-4*(-2)/16. Let z be (-1)/r + (4 - -9). Let x = z - 2. What is the tens digit of x?
1
Let f(w) = -6*w - 40. Let j(h) = 7*h + 40. Let c(v) = -4*f(v) - 5*j(v). What is the tens digit of c(-12)?
9
Suppose -17*q + 20*q - 7041 = 3*f, f - 9393 = -4*q. What is the thousands digit of q?
2
Suppose 4*w - 52 = 4*k, -w - 2*k = 2*k + 2. Suppose 54 = 2*v + w. What is the tens digit of v?
2
Suppose 48 = -l + 53. Suppose 0*u - 2*k - 47 = -u, l*k + 230 = 5*u. What is the tens digit of u?
4
Suppose 4*r = -p + 4*p + 2103, 1581 = 3*r - 3*p. What is the hundreds digit of r?
5
Let a(y) = 733*y**2 + 44*y - 3. What is the tens digit of a(-3)?
6
Let h be (-3 + 0)*(-64)/(-12). What is the tens digit of (252/(-8))/((-2)/h*-3)?
8
Let n(m) = 16*m + 17. Let k be n(6). Suppose -4*q = -k - 11. Let l = 12 + q. What is the tens digit of l?
4
Let u(b) = -b**3 - 9*b**2 + 3*b + 12. Let d be u(-9). Let x = 17 + d. What is the units digit of x?
2
What is the hundreds digit of (53210/(-136))/((-1)/4)?
5
Let x be 1*2*(-4 - -5). Suppose 3*c + 4*i - 27 = 0, c + 20 = 2*c + 5*i. Suppose g + x*g + 3 = -w, 0 = c*g + 25. What is the tens digit of w?
1
Let y(n) = -n**3 + 2*n**2 - 3*n + 4. Let o be y(2). Let x be 2 - -1 - 2/o. Suppose -c - 39 = -2*t, 0 = 3*t + t - x*c - 84. What is the units digit of t?
8
Let g = 2 + 0. What is the units digit of g*(2 + (-1)/2)?
3
Suppose 4*y = -g + 13 - 4, -3*g - 18 = -3*y. Suppose -109 = -2*z + b, -2*b - 159 = -y*z - 5*b. What is the tens digit of z?
5
Suppose 9 = -2*x + 41. Let u = x - -38. Suppose 12 = -m + u. What is the tens digit of m?
4
Let m = 36 + -31. Suppose 0*x - x = -3*f - 53, 209 = m*x - f. What is the tens digit of x?
4
Let g = 60 + -37. Let v = 24 - g. Let k = 16 + v. What is the tens digit of k?
1
Let i(s) = 121*s**2 + 63*s + 65*s - 130*s - 1. What is the tens digit of i(-1)?
2
Suppose -4*w = 4*p - 8, -p - p = -4*w + 8. Suppose w*y - 273 = -y. What is the tens digit of y?
9
Let q = 1346 - 800. Suppose -65*j + 62*j + q = 0. What is the units digit of j?
2
Let r = -30 - -30. Suppose r = -8*l + 7*l + 33. What is the tens digit of l?
3
Let u(w) = w**2 + 4*w - 6. Let s be u(-12). Suppose -5*k + s = 25. Let d = k - 11. What is the units digit of d?
2
Let z(s) = -3*s - 1. Suppose 8 = 3*j + 4*f, -2*j + 29 = -3*j + 5*f. Let v be z(j). What is the units digit of (-6)/27 + v/9?
1
Suppose 2*b = -2*c, 4*b + 2*c = -0*b + 6. Suppose 4*y + 2*g - 32 = g, -b*g = 4*y - 40. Let j = y - -9. What is the tens digit of j?
1
Let u = -2334 - -2771. What is the units digit of u?
7
Suppose 2*j - 4*a = -9*a - 11, 7 = -j - 3*a. Suppose 20 = 2*n - c, 30 = 3*n - j*c + 7*c. What is the units digit of n?
0
Let a(d) = 7*d**2 + 53*d - 4. What is the hundreds digit of a(-12)?
3
Suppose -2*c - 4*u +